et z(u) = -2*u**3 + u**2 + u + 1. Suppose 3*p - 8 = 25. Suppose -2 = -p*q - 13. Calculate z(q).
3
Let y = 37 + -77. Let h be (-8)/(-10)*y/(-16). Let l(o) = 3*o**2 + 6*o + 2 - 4*o**h + 2. Calculate l(6).
4
Let c(m) be the first derivative of m**2 - 27*m + 135. Calculate c(16).
5
Let p(m) = -806*m**2 + 398*m**2 - 1 + 407*m**2. What is p(-5)?
-26
Let w(z) = -18*z**3 - 2*z**2 - 2*z - 1. Let a = 5 - 2. Suppose 0 = -j + a*j + 2. Calculate w(j).
17
Let h(j) = -2*j**2 + 40*j - 187. Let c be h(12). Let u(d) = -2*d + d**2 - 4 + 0 + d. Determine u(c).
16
Suppose l - 13*l = -120. Let y = l + -7. Let g(w) = -w**3 + 4*w**2 - 4*w + 4. Determine g(y).
1
Let w be ((-14)/21)/((-4)/18). Let a(b) = -2. Let r(q) = 3*q - 4. Let o(i) = w*a(i) + r(i). Give o(8).
14
Let j(z) = -z - 7. Let q be j(-7). Suppose 3 + q = 3*h. Let x(a) = 3806*a + 4*a**2 + 1 - 3806*a. Determine x(h).
5
Let m(u) be the first derivative of 13 + 1/2*u**2 + u + 4*u**3. Determine m(-1).
12
Let p = 15 - 13. Let q(a) = a**p - 5*a + 8*a**2 - 11*a**2. Give q(-4).
-12
Let j(p) = 2*p**2 + p - 3. Let m(w) = 5*w + 52. Let v be m(-11). Calculate j(v).
12
Let z = -54 - -88. Let k = 36 - z. Let q(d) = -k*d**2 + d**3 - 2*d**2 - 7*d**2 + d**2 + 10*d - 3. Give q(9).
6
Let c(v) be the first derivative of -9*v - 5/6*v**3 - 1/3*v**4 + 1/20*v**5 + 3*v**2 + 2. Let d(m) be the first derivative of c(m). Calculate d(4).
-14
Let q(z) be the second derivative of z**4/12 + 25*z**3/6 - 13*z**2 + 34*z. Give q(-26).
0
Let i(t) = t. Let z(l) = 105*l - 534. Let n be z(5). Give i(n).
-9
Let x(u) = -u**3 + 8*u**2 + 12*u - 22. Suppose 3*r = 3, 0 = -5*m + 5*r - 9*r + 49. What is x(m)?
5
Let k(v) = -2*v + 4*v + 1684 - 1674. Calculate k(-8).
-6
Suppose 59*k = -4*u + 62*k + 31, -4*k = -u + 24. Let c(p) = 4*p - 14. Calculate c(u).
2
Let p(h) = 145*h**3 + 0 - 139*h**3 - 5*h - h**2 - 4. What is p(-1)?
-6
Let g(x) = -x**3 - 9*x**2 - 7*x + 9. Suppose 40 = -6*v + v. Let m be g(v). Let d(z) be the second derivative of -3*z**4/4 + z**3/6 + z. Give d(m).
-8
Let n(h) = -h**3 + 3*h**2 - h + 4. Let m be n(3). Let p = -20 + 22. Let u(r) = 370*r**2 - 4*r + 1 - 369*r**p + 2*r - r. What is u(m)?
-1
Suppose -3*d - 5*y + 2*y = 3, -d + y = -5. Let a(f) be the second derivative of 3*f**3/2 - f**2 + 3*f. Determine a(d).
16
Let u(w) = w**2 - 3*w - 3. Let x(g) = g**2 - g - 26. Let q be x(6). What is u(q)?
1
Let h(x) be the third derivative of x**4/6 + 2*x**3 + 499*x**2. Determine h(-6).
-12
Let w(x) = -4*x + 2. Let m(v) = 21*v - 15. Let l(k) = -m(k) - 5*w(k). Suppose 0 = 4*d - 18 - 14. Give l(d).
-3
Suppose -4*p - 2*h = 2, 17 = -3*p - p - 5*h. Let t(m) = m + 4 - p - 4 - 4. Let c be (40/(-6))/5*-3. Give t(c).
-2
Let w(l) = 4*l**2 + 13*l - 6. Let c(b) = b**2 + 4*b - 1. Let f(q) = 7*c(q) - 2*w(q). Determine f(4).
-3
Let a(d) = d - 10. Suppose 9 = 7*t - 12. Suppose -4*u + t*y = 0, 3*y - 2*y = 4*u. Give a(u).
-10
Let v(h) = -h**2 - 6*h + 9. Let w(u) = -u**2 - 16*u + 9. Let o be w(-17). Determine v(o).
-7
Let f(i) be the third derivative of 0 - 1/3*i**3 - 1/8*i**4 - 2*i**2 - 1/10*i**5 + 0*i. Calculate f(-2).
-20
Let n(q) = -11*q - 111. Let s be n(-10). Let y(o) = 5*o**3 + o**2 + 2*o. Calculate y(s).
-6
Let u(b) = -b**3 + b - 1. Let g = -109 + 100. Let h be (-16)/g - ((-55)/45 + 1). Calculate u(h).
-7
Let r be (-6)/9 - 16/(-6). Let v(h) = 9*h**2 - 8 - 10*h**r - h**3 - 4*h**2 + 5*h. What is v(-6)?
-2
Let f be 8 - 3/(3/5). Let u(i) = -304 + i**3 + 0*i**f + i**2 + 317. Determine u(0).
13
Let j(b) = b**3 + b**2 - 1. Let c(q) = -q**3 - 5*q**2 + 4*q + 2. Suppose 3 = -2*v - v. Let k(x) = v*c(x) - 2*j(x). Calculate k(3).
-12
Suppose -n + 4*d = -d - 1, -d - 21 = 5*n. Let t(j) = j**3 + 5*j**2 + 4*j + 5. Determine t(n).
5
Suppose 5*s = 78 + 92. Suppose 0 = -3*p + 5*h - 16, s = 3*p + 6*h - h. Let d(g) = -g**2 + 5*g - 1. Determine d(p).
5
Let t(g) be the second derivative of -g**3/3 + 3*g**2/2 + g. Let o = 5 + -4. Suppose -2*v + v - 1 = 0, 2*v = -q + o. Calculate t(q).
-3
Let q(f) be the second derivative of 0*f**2 + 0 - 1/6*f**3 + 6*f. Give q(5).
-5
Let p(t) = -2*t**2 - 12*t - 12. Let s(c) = -c**2 - 6*c - 6. Let y(k) = 3*p(k) - 5*s(k). Suppose -18*q + 10 = -20*q. Give y(q).
-1
Let q(m) = -m**3 - 3*m**2 - 3*m + 2. Let s(b) = b - 14. Let z be s(10). What is q(z)?
30
Let w(n) = 23*n. Suppose 1 = 3*j - 2*j. Give w(j).
23
Let c = -161 + 168. Suppose -11 = p - c. Let g(z) = -6 + 2 - 1 - 4*z. Determine g(p).
11
Let g = -223 - -220. Let m(b) = b**2 + b + 4. Determine m(g).
10
Let z = -147 + 151. Suppose 7 = -t - 4*c, 4*t = 3*t + z*c + 17. Let k(i) = i - 3. Determine k(t).
2
Suppose 0 = -4*l - q + 27, -3*l + 9 = -q + 4*q. Suppose l*h + 9 = 33. Let z(r) = -2*r**2 + 2*r - 2. Calculate z(h).
-14
Let r be (-3)/(-4) + (-2)/(-8). Let m(v) = 8*v + 17*v + 4*v - 45*v. Give m(r).
-16
Let o(v) = 6*v**3 + 2*v**2 - 1. Suppose -5*g = -39 - 86. Suppose -4*x = x - g, 5*x - 27 = 2*k. Give o(k).
-5
Let l(y) = -y**3 + 6*y**2 - y + 8. Let a be (3/(-9))/((-1)/18). Let w be l(a). Let v(g) = g + g**2 - 2*g**2 + 2 + 2*g**w. Determine v(-2).
4
Let d(k) = -k**2 + 6*k - 11. Let w(n) = -7*n + 215. Let x be w(30). Determine d(x).
-6
Let t be (1 - (-2 - -2)) + -4. Let d = -4 - t. Let x(u) be the second derivative of -u**5/4 - u**4/12 - u**3/6 + u - 2. Give x(d).
5
Let g(y) = y**3 + 5*y**2 - 15*y - 10. Let p be (-1)/(-11) - (-936)/(-132). What is g(p)?
-3
Let u(k) be the first derivative of k**3/3 + k**2/2 - 8*k + 412. Determine u(-5).
12
Let b(d) = d**3 - d**2 + 1. Let x(c) = -3*c**3 - 4*c**2 + 6*c + 5. Let y(s) = 2*b(s) + x(s). Determine y(-6).
-29
Let v(c) be the first derivative of -c**7/840 - c**6/180 + c**5/120 + c**4/12 - 4*c**3 - 27. Let n(b) be the third derivative of v(b). Give n(-2).
0
Let g(a) = -a**3 + 8*a**2 - 6*a - 7. Let r be 1 + -1 + -2 - (1 + -6). Suppose -4*f + 2*o = -r*o - 18, 2*o + 17 = 3*f. Determine g(f).
0
Let t(n) = n - 3. Let k = -9 - 8. Suppose -10*u - 163 = -273. Let p = k + u. What is t(p)?
-9
Let v(l) = l**3 + 7*l**2 - 3*l - 10. Let h(q) = q**3 - q**2 + q - 1. Let c(p) = 2*h(p) - v(p). What is c(8)?
-16
Let m(j) = 0*j**3 - 4*j - 6 - j**3 + 4*j**2 + 9*j. Suppose 0*r = -4*r + 12. Let s be (r - (7 - 0))/(-1). Determine m(s).
14
Let f(s) = -s + 3. Let v(c) = -1 - 6 - c + 4*c. Suppose -4*l - 19 = -47. Let t(j) = l*f(j) + 3*v(j). Calculate t(-4).
-8
Let g(c) = c**2 + 6*c. Let v be g(-5). Let m be ((-12)/(-10))/((-2)/v). Suppose -b = -3*w + 2, 8*b + 30 = m*b - 5*w. Let q(u) = u - 7. Calculate q(b).
-12
Let p be (-18)/(-4) - 9/6. Let f(q) = 7*q + 6*q - q**p + 5*q**2 - 7*q. Let u(o) = o**3 - o**2 + o + 6. Let l be u(0). Determine f(l).
0
Let b(s) = 3*s + 1. Let f(g) = -18*g**2 + 2*g - 2. Let a be f(1). Let q = a - -21. What is b(q)?
10
Let i(b) be the first derivative of -b**2 + 18*b - 258. Give i(7).
4
Suppose 5*i - 4*x = -26, 0 = -4*i - x - 4 - 0. Suppose 0*g = -j - 5*g - 11, 2*g + 22 = 4*j. Let f = j - i. Let t(a) = -a**2 + 5*a - 6. What is t(f)?
-12
Let u(y) = 2*y + 2. Let p(t) = 2*t**2 + 28*t + 26. Let i(v) = -p(v) + 10*u(v). Give i(-5).
-16
Let t(i) = i + 12. Let v be -3 - (-1 + (-12)/2). Suppose -6 = s - 5*p, 2*s - p + 1 + 2 = 0. Let j = s - v. Determine t(j).
7
Let d(v) = -3*v**2 + 8*v. Let y(t) = -2*t**2 + 8*t. Let z(h) = 4*d(h) - 5*y(h). Determine z(-4).
0
Let p(d) = -5*d + 3*d - 5*d - 7 + 3*d. Let r be 2*3/12*4 + -7. Give p(r).
13
Let j(q) = 3*q + 11. Let i(n) = 4*n + 17. Let m(f) = -2*i(f) + 3*j(f). What is m(5)?
4
Let p = -29 - -26. Let v(f) = -2*f**2 - 5*f + 1. Let o(s) = 2*s**2 + 4*s - 1. Let q(w) = 4*o(w) + 3*v(w). What is q(p)?
14
Let d be ((-1)/((-2)/(-8)))/(8/(-10)). Let r(y) = y**3 - 6*y**2 + 4*y - 11. Determine r(d).
-16
Let m(h) = -2*h**3 + 4*h - 3. Suppose 26 = -4*q + 17*q. What is m(q)?
-11
Suppose h - 5*x = -h + 27, -h = 3*x + 3. Suppose 3*f = -q + 10, 3*f + 18 = h*f + 3*q. Let p(n) = -6 + 2 - 6*n + 2 + n**f. Calculate p(6).
-2
Suppose 16*s + 300 = 66*s. Let x(f) = f - 6. Determine x(s).
0
Suppose -3*o - 6*c = -c + 26, 3*o + 18 = -3*c. Let k(q) = 3*q**2 + 4*q + 4. Let p be k(o). Let n(s) = -s**2 + 7*s. What is n(p)?
-8
Let o(m) = -2*m**3 - 3*m**2 - 3*m - 2. Let c be 6/2 - (14 - 19). Suppose -2*i - 2*i = c. Determine o(i).
8
Suppose 7 = 6*m - 5. Let i(p) = p - 3897*p**m + 3895*p**2 + p - 1. Give i(1).
-1
Let l = -9 - -36. Suppose j + 2*d = -4*j + 20, -5*d = j - l.